{"id":2636,"date":"2018-03-12T21:46:25","date_gmt":"2018-03-12T21:46:25","guid":{"rendered":"http:\/\/kyminnikkarit.fi\/?page_id=2636"},"modified":"2020-03-05T20:44:27","modified_gmt":"2020-03-05T20:44:27","slug":"kulttuuri","status":"publish","type":"page","link":"https:\/\/kyminnikkarit.fi\/?page_id=2636","title":{"rendered":"Kulttuuri"},"content":{"rendered":"<p>&nbsp;<\/p>\n<p><a href=\"https:\/\/kyminnikkarit.fi\/wp-content\/uploads\/2017\/03\/Kulttuuri.jpg\"><img loading=\"lazy\" decoding=\"async\" class=\"size-full wp-image-2408 alignleft\" src=\"https:\/\/kyminnikkarit.fi\/wp-content\/uploads\/2017\/03\/Kulttuuri.jpg\" alt=\"Kulttuuri\" width=\"109\" height=\"111\"\/><\/a><\/p>\n<p>&nbsp;<\/p>\n<p class=\"alignnone\"><em><strong>Kymin Nikkarin kulttuuritoiminta pit\u00e4\u00e4 sis\u00e4ll\u00e4\u00e4n monipuolista ohjelmaa.<\/strong><\/em><\/p>\n<p class=\"alignnone\">J\u00e4rjest\u00e4mme virkistysretki\u00e4, jotka sis\u00e4lt\u00e4\u00e4 ohjattua ohjelmaa ja omaa-aikaa sopivassa suhteessa. Teatteri ja konsertti tarjontaan rakentuu ajankohtaisista ja uutuuksista.&nbsp; My\u00f6s kiinnostavat ja k\u00e4dentaitoja l\u00e4hell\u00e4 olevat messut ja n\u00e4yttelyt kuuluvat ohjelmaan. Ohjelma pyrit\u00e4\u00e4n rakentamaan vuosittain niin, ett\u00e4 tarjontaa on laidasta laitaan.<\/p>\n<p><a href=\"https:\/\/kyminnikkarit.fi\/wp-content\/uploads\/2018\/03\/Ryhma\u0308-Kolilla-23.9.2017.jpg\"><img loading=\"lazy\" decoding=\"async\" class=\"aligncenter size-large wp-image-2680\" src=\"https:\/\/kyminnikkarit.fi\/wp-content\/uploads\/2018\/03\/Ryhma\u0308-Kolilla-23.9.2017-1024x768.jpg\" alt=\"Ryhma\u0308 Kolilla 23.9.2017\" width=\"840\" height=\"630\" srcset=\"https:\/\/kyminnikkarit.fi\/wp-content\/uploads\/2018\/03\/Ryhma\u0308-Kolilla-23.9.2017-1024x768.jpg 1024w, https:\/\/kyminnikkarit.fi\/wp-content\/uploads\/2018\/03\/Ryhma\u0308-Kolilla-23.9.2017-300x225.jpg 300w, https:\/\/kyminnikkarit.fi\/wp-content\/uploads\/2018\/03\/Ryhma\u0308-Kolilla-23.9.2017-768x576.jpg 768w, https:\/\/kyminnikkarit.fi\/wp-content\/uploads\/2018\/03\/Ryhma\u0308-Kolilla-23.9.2017-1200x900.jpg 1200w, https:\/\/kyminnikkarit.fi\/wp-content\/uploads\/2018\/03\/Ryhma\u0308-Kolilla-23.9.2017.jpg 1600w\" sizes=\"auto, (max-width: 709px) 85vw, (max-width: 909px) 67vw, (max-width: 1362px) 62vw, 840px\" \/><\/a><\/p>\n<p>Kulttuuritoimintaa tukee Kymin Osakeyhti\u00f6n 100-vuotiss\u00e4\u00e4ti\u00f6. Ohjelma on tarkoitettu aina j\u00e4senille ja heid\u00e4n perheille, mutta my\u00f6s laajemmalle piirille.<\/p>\n<p>Kulttuuritoiminnan vet\u00e4j\u00e4n\u00e4 on Sari Yl\u00f6nen 040 839 1547.<\/p>\n<p>&nbsp;<\/p>\n<p>&nbsp;<\/p>\n","protected":false},"excerpt":{"rendered":"<p>&nbsp; &nbsp; Kymin Nikkarin kulttuuritoiminta pit\u00e4\u00e4 sis\u00e4ll\u00e4\u00e4n monipuolista ohjelmaa. J\u00e4rjest\u00e4mme virkistysretki\u00e4, jotka sis\u00e4lt\u00e4\u00e4 ohjattua ohjelmaa ja omaa-aikaa sopivassa suhteessa. Teatteri ja konsertti tarjontaan rakentuu ajankohtaisista ja uutuuksista.&nbsp; My\u00f6s kiinnostavat ja k\u00e4dentaitoja l\u00e4hell\u00e4 olevat messut ja n\u00e4yttelyt kuuluvat ohjelmaan. Ohjelma pyrit\u00e4\u00e4n rakentamaan vuosittain niin, ett\u00e4 tarjontaa on laidasta laitaan. Kulttuuritoimintaa tukee Kymin Osakeyhti\u00f6n 100-vuotiss\u00e4\u00e4ti\u00f6. Ohjelma on &hellip; <a href=\"https:\/\/kyminnikkarit.fi\/?page_id=2636\" class=\"more-link\">Jatka lukemista<span class=\"screen-reader-text\"> &#8221;Kulttuuri&#8221;<\/span><\/a><\/p>\n","protected":false},"author":1,"featured_media":0,"parent":0,"menu_order":4,"comment_status":"closed","ping_status":"closed","template":"","meta":{"footnotes":""},"class_list":["post-2636","page","type-page","status-publish","hentry"],"_links":{"self":[{"href":"https:\/\/kyminnikkarit.fi\/index.php?rest_route=\/wp\/v2\/pages\/2636","targetHints":{"allow":["GET"]}}],"collection":[{"href":"https:\/\/kyminnikkarit.fi\/index.php?rest_route=\/wp\/v2\/pages"}],"about":[{"href":"https:\/\/kyminnikkarit.fi\/index.php?rest_route=\/wp\/v2\/types\/page"}],"author":[{"embeddable":true,"href":"https:\/\/kyminnikkarit.fi\/index.php?rest_route=\/wp\/v2\/users\/1"}],"replies":[{"embeddable":true,"href":"https:\/\/kyminnikkarit.fi\/index.php?rest_route=%2Fwp%2Fv2%2Fcomments&post=2636"}],"version-history":[{"count":18,"href":"https:\/\/kyminnikkarit.fi\/index.php?rest_route=\/wp\/v2\/pages\/2636\/revisions"}],"predecessor-version":[{"id":3266,"href":"https:\/\/kyminnikkarit.fi\/index.php?rest_route=\/wp\/v2\/pages\/2636\/revisions\/3266"}],"wp:attachment":[{"href":"https:\/\/kyminnikkarit.fi\/index.php?rest_route=%2Fwp%2Fv2%2Fmedia&parent=2636"}],"curies":[{"name":"wp","href":"https:\/\/api.w.org\/{rel}","templated":true}]}}

<p>&nbsp;</p>
<p><a href="https://kyminnikkarit.fi/wp-content/uploads/2017/03/Kulttuuri.jpg"><img loading="lazy" decoding="async" class="size-full wp-image-2408 alignleft" src="https://kyminnikkarit.fi/wp-content/uploads/2017/03/Kulttuuri.jpg" alt="Kulttuuri" width="109" height="111"/></a></p>
<p>&nbsp;</p>
<p class="alignnone"><em><strong>Kymin Nikkarin kulttuuritoiminta pitää sisällään monipuolista ohjelmaa.</strong></em></p>
<p class="alignnone">Järjestämme virkistysretkiä, jotka sisältää ohjattua ohjelmaa ja omaa-aikaa sopivassa suhteessa. Teatteri ja konsertti tarjontaan rakentuu ajankohtaisista ja uutuuksista.&nbsp; Myös kiinnostavat ja kädentaitoja lähellä olevat messut ja näyttelyt kuuluvat ohjelmaan. Ohjelma pyritään rakentamaan vuosittain niin, että tarjontaa on laidasta laitaan.</p>
<p><a href="https://kyminnikkarit.fi/wp-content/uploads/2018/03/Ryhmä-Kolilla-23.9.2017.jpg"><img loading="lazy" decoding="async" class="aligncenter size-large wp-image-2680" src="https://kyminnikkarit.fi/wp-content/uploads/2018/03/Ryhmä-Kolilla-23.9.2017-1024x768.jpg" alt="Ryhmä Kolilla 23.9.2017" width="840" height="630" srcset="https://kyminnikkarit.fi/wp-content/uploads/2018/03/Ryhmä-Kolilla-23.9.2017-1024x768.jpg 1024w, https://kyminnikkarit.fi/wp-content/uploads/2018/03/Ryhmä-Kolilla-23.9.2017-300x225.jpg 300w, https://kyminnikkarit.fi/wp-content/uploads/2018/03/Ryhmä-Kolilla-23.9.2017-768x576.jpg 768w, https://kyminnikkarit.fi/wp-content/uploads/2018/03/Ryhmä-Kolilla-23.9.2017-1200x900.jpg 1200w, https://kyminnikkarit.fi/wp-content/uploads/2018/03/Ryhmä-Kolilla-23.9.2017.jpg 1600w" sizes="auto, (max-width: 709px) 85vw, (max-width: 909px) 67vw, (max-width: 1362px) 62vw, 840px" /></a></p>
<p>Kulttuuritoimintaa tukee Kymin Osakeyhtiön 100-vuotissäätiö. Ohjelma on tarkoitettu aina jäsenille ja heidän perheille, mutta myös laajemmalle piirille.</p>
<p>Kulttuuritoiminnan vetäjänä on Sari Ylönen 040 839 1547.</p>
<p>&nbsp;</p>
<p>&nbsp;</p>

<p>&nbsp; &nbsp; Kymin Nikkarin kulttuuritoiminta pitää sisällään monipuolista ohjelmaa. Järjestämme virkistysretkiä, jotka sisältää ohjattua ohjelmaa ja omaa-aikaa sopivassa suhteessa. Teatteri ja konsertti tarjontaan rakentuu ajankohtaisista ja uutuuksista.&nbsp; Myös kiinnostavat ja kädentaitoja lähellä olevat messut ja näyttelyt kuuluvat ohjelmaan. Ohjelma pyritään rakentamaan vuosittain niin, että tarjontaa on laidasta laitaan. Kulttuuritoimintaa tukee Kymin Osakeyhtiön 100-vuotissäätiö. Ohjelma on &hellip; <a href="https://kyminnikkarit.fi/?page_id=2636" class="more-link">Jatka lukemista<span class="screen-reader-text"> &#8221;Kulttuuri&#8221;</span></a></p>
